?
True
Does 416 divide 1067040?
True
Does 35 divide 311353?
False
Is 3 a factor of 37721?
False
Is 1116 a factor of 4480740?
True
Is 81 a factor of 131593?
False
Is 11 a factor of 410128?
False
Is 258792 a multiple of 29?
False
Is 31 a factor of 2023458?
False
Does 23 divide 221605?
True
Does 15 divide 3131550?
True
Is 217968 a multiple of 19?
True
Is 51 a factor of 6850014?
True
Does 170 divide 5001110?
False
Is 910963 a multiple of 507?
False
Is 916 a factor of 317852?
True
Is 4921730 a multiple of 22?
True
Is 3617370 a multiple of 50?
False
Is 247 a factor of 1582236?
False
Does 5 divide 170490?
True
Is 72586 a multiple of 169?
False
Does 2 divide 27328?
True
Does 45 divide 1871134?
False
Is 61 a factor of 263263?
False
Is 595426 a multiple of 13?
True
Does 79 divide 94512?
False
Is 37562 a multiple of 199?
False
Is 178848 a multiple of 18?
True
Is 370 a factor of 657805?
False
Does 212 divide 124868?
True
Is 6730408 a multiple of 152?
True
Is 444210 a multiple of 85?
True
Is 18377 a multiple of 2?
False
Does 931 divide 3943492?
False
Is 13 a factor of 15972?
False
Is 5670 a multiple of 162?
True
Is 7 a factor of 87843?
True
Is 6 a factor of 912228?
True
Is 613 a factor of 741366?
False
Does 393 divide 156372?
False
Is 386400 a multiple of 483?
True
Does 6 divide 3967?
False
Does 9 divide 3858939?
True
Does 2 divide 29052?
True
Does 147 divide 415561?
False
Is 14 a factor of 753262?
False
Is 128 a factor of 153674?
False
Does 211 divide 12898884?
False
Does 51 divide 21573?
True
Is 10949311 a multiple of 23?
True
Is 545657 a multiple of 8?
False
Does 481 divide 238095?
True
Does 107 divide 2503372?
True
Is 3240784 a multiple of 254?
False
Is 154 a factor of 9456?
False
Does 11 divide 1311839?
False
Is 471 a factor of 2281995?
True
Is 716880 a multiple of 107?
False
Does 204 divide 172038?
False
Is 279709 a multiple of 16?
False
Is 1399 a multiple of 4?
False
Does 114 divide 322395?
False
Is 374610 a multiple of 30?
True
Is 5248 a multiple of 2?
True
Does 196 divide 10593996?
True
Does 8 divide 57873?
False
Is 164930 even?
True
Is 1516784 a multiple of 376?
True
Does 10 divide 129270?
True
Is 11 a factor of 23471?
False
Does 19 divide 3144481?
True
Is 181 a factor of 493587?
True
Is 65274 a multiple of 4?
False
Is 590 a factor of 2461406?
False
Does 163 divide 100202?
False
Is 110040 a multiple of 10?
True
Does 7 divide 21009?
False
Does 43 divide 3819174?
True
Is 10 a factor of 11018478?
False
Is 1655872 a multiple of 341?
False
Is 325 a factor of 821600?
True
Is 25629264 a multiple of 262?
False
Does 771 divide 4831086?
True
Does 15 divide 501856?
False
Is 124 a factor of 985552?
True
Is 8236350 a multiple of 32?
False
Does 43 divide 1391695?
True
Is 1270644 a multiple of 57?
True
Does 43 divide 2711967?
True
Does 151 divide 60804?
False
Is 1666192 a multiple of 16?
True
Is 2362893 a multiple of 97?
False
Is 6707955 a multiple of 15?
True
Does 383 divide 1098061?
True
Is 1220622 a multiple of 22?
False
Is 28 a factor of 562474?
False
Is 3 a factor of 8696?
False
Is 18 a factor of 2466?
True
Is 497550 a multiple of 6?
True
Is 33 a factor of 2723820?
True
Does 85 divide 5319130?
True
Is 1280549 a multiple of 483?
False
Is 8 a factor of 281272?
True
Does 336 divide 176171?
False
Is 934873 a multiple of 29?
True
Is 102580 a multiple of 20?
True
Does 131 divide 3799524?
True
Is 1511 a multiple of 28?
False
Is 326163 a multiple of 29?
True
Is 9854364 a multiple of 78?
True
Is 249 a factor of 1910826?
True
Is 301 a factor of 23779?
True
Does 11 divide 2331945?
True
Does 1016 divide 10599928?
True
Does 252 divide 173880?
True
Is 97 a factor of 527544?
False
Is 53205 a multiple of 64?
False
Is 1523 a factor of 342675?
True
Is 41 a factor of 358504?
True
Is 2747 a factor of 11361592?
True
Does 955 divide 8037280?
True
Is 24 a factor of 1574616?
True
Is 159204 a multiple of 25?
False
Is 270 a multiple of 10?
True
Is 600 a factor of 798600?
True
Does 1132 divide 7461140?
False
Does 82 divide 180252?
False
Is 26 a factor of 8134932?
True
Is 11 a factor of 49291?
True
Does 31 divide 528997?
False
Is 20 a factor of 137546?
False
Is 1295046 a multiple of 13?
False
Is 187884 a multiple of 68?
True
Is 39 a factor of 974844?
True
Is 178565 a multiple of 71?
True
Does 72 divide 374256?
True
Does 152 divide 1948792?
True
Is 3362367 a multiple of 171?
False
Is 25 a factor of 468166?
False
Is 535 a factor of 170804?
False
Does 131 divide 261476?
True
Is 9 a factor of 155584?
False
Does 93 divide 203763?
True
Is 12944274 a multiple of 13?
False
Is 496 a factor of 4138711?
False
Is 143 a factor of 533962?
True
Does 15 divide 379364?
False
Does 32 divide 8851178?
False
Does 20 divide 7120?
True
Does 64 divide 182464?
True
Is 61 a factor of 3562339?
True
Does 32 divide 1008192?
True
Is 3 a factor of 11023?
False
Is 233 a factor of 796860?
True
Does 77 divide 292446?
True
Is 54 a factor of 461528?
False
Is 19 a factor of 168655?
False
Does 97 divide 42847?
False
Does 351 divide 1940328?
True
Is 20 a factor of 15295?
False
Is 935880 a multiple of 66?
True
Is 39102 a multiple of 4?
False
Is 52 a factor of 67288?
True
Does 22 divide 46640?
True
Is 3282350 a multiple of 10?
True
Is 26725 a multiple of 16?
False
Is 35 a factor of 4367335?
True
Does 19 divide 371355?
True
Is 19437 a multiple of 2?
False
Is 91325 a multiple of 281?
True
Does 85 divide 1674670?
True
Is 78353 a multiple of 17?
True
Is 1203 a factor of 682101?
True
Is 237309 a multiple of 35?
False
Does 12 divide 32788704?
True
Is 796985 a multiple of 34?
False
Is 1597645 a multiple of 6?
False
Is 34100 a multiple of 11?
True
Is 879 a factor of 5196648?
True
Is 2 a factor of 3?
False
Is 109 a factor of 42408?
False
Is 836 a factor of 20006437?
False
Does 234 divide 27612?
True
Is 20 a factor of 169360?
True
Is 466740 a multiple of 15?
True
Does 307 divide 280598?
True
Does 197 divide 1894352?
True
Does 232 divide 278864?
True
Is 16 a factor of 42763609?
False
Is 21600 a multiple of 40?
True
Is 5 a factor of 132102?
False
Is 591477 a multiple of 12?
False
Is 605 a factor of 25191595?
True
Is 37632 a multiple of 84?
True
Is 244756 a multiple of 43?
True
Does 430 divide 14401388?
False
Does 4 divide 215134?
False
Is 548928 a multiple of 96?
True
Is 1572 a factor of 1251312?
True
Is 5336590 a multiple of 70?
True
Is 230 a factor of 6000?
False
Does 31 divide 57716?
False
Is 93 a factor of 54963?
True
Does 18 divide 221222?
False
Is 347 a factor of 16483888?
True
Does 171 divide 1700424?
True
Does 32 divide 1290940?
False
Does 274 divide 392642?
True
Does 72 divide 9640061?
False
Is 178182 a multiple of 19?
True
Does 56 divide 115080?
True
Is 3176392 a multiple of 283?
True
Does 13 divide 53404?
True
Is 551 a factor of 7351993?
True
Is 453284 a multiple of 2?
True
Does 19 divide 13012600?
False
Is 78 a factor of 10719?
False
Does 205 divide 1153953?
False
Does 106 divide 715394?
True
Is 1036308 a multiple of 12?
True
Does 370 divide 835090?
True
Is 460304 a multiple of 104?
True
Is 497 a factor of 220611?
False
Does 636 divide 5613336?
True
Is 13 a factor of 308461?
False
Is 359820 a multiple of 90?
True
Is 735745 a multiple of 185?
True
Is 1592982 a multiple of 33?
False
Is 10 a factor of 4587197?
False
Does 198 divide 1680906?
False
Is 81 a factor of 3679182?
True
Is 69586 a multiple of 63?
False
Does 114 divide 539600?
False
Is 1341622 a multiple of 46?
False
Is 14 a factor of 1080090?
False
Does 242 divide 6406950?
True
Is 51 a factor of 1533792?
False
Is 19 a factor of 102251?
False
Does 10 divide 80160?
True
Is 36656 a multiple of 316?
True
Does 14 divide 749?
False
Is 320 a factor of 749561?
False
Does 9 divide 29430?
True
Does 7 divide 710505?
False
Is 6684410 a multiple of 73?
False
Is 616 a factor of 609010?
False
Is 104 a factor of 63898?
False
Is 4 a factor of 3720?
True
Is 318 a factor of 4122227?
False
Does 24 divide 172512?
True
Is 259590 a multiple of 30?
True
Is 5 a factor of 12620?
True
Is 19 a factor of 1066185?
True
Is 190 a factor of 449330?
False
Is 37 a factor of 234099?
True
Does 10 divide 488290?
True
Does 83 divide 162182?
True
Is 7712 a multiple of 98?
False
Is 703079 a multiple of 10?
False
Is 706 a factor of 143989?
False
Is 26541 a multiple of 9?
True
Is 857 a factor of 3123608?
F